mmon factor of m and 225?
75
Suppose -520 = -10*m + 110. Calculate the greatest common divisor of m and 21.
21
Let u be (1 + 10/(-6))/(38/(-3534)). Let y = u + -50. Calculate the highest common divisor of 18 and y.
6
Suppose -47 - 7 = c + 5*o, 2*c = -4*o - 96. Let h = 57 + c. Calculate the highest common factor of h and 13.
13
Suppose 4*l = 22 - 74. Let j be 6 - l - (-2)/(-2). What is the greatest common factor of j and 12?
6
Suppose -2*l + 60 + 1886 = 0. Calculate the greatest common divisor of 278 and l.
139
Let u(m) = -38*m + 268. Let l be u(6). What is the greatest common factor of l and 120?
40
Let b be (21 + -23)*(-45 - -2). What is the greatest common divisor of 1376 and b?
86
Let f(t) = 20*t - 14*t - 18 - 4*t + 0. Let j be f(9). Suppose -p + 10 + 4 = j. Calculate the greatest common divisor of 21 and p.
7
Suppose 0*s - 3*s = 3*g - 27, -12 = -4*g. Suppose s = -r + 2*r. Suppose -1 = -r*z + 11. What is the highest common factor of 18 and z?
2
Let x be 8030/77 + 4/(-14). Let g(t) = 2*t - 7. Let z be g(10). What is the highest common factor of z and x?
13
Suppose 3*i = -4*k + 1712, 2*k + i + 2121 = 7*k. What is the greatest common divisor of 17 and k?
17
Suppose 31 = 4*b - 13. Suppose v = z - b, -4*z = -9*z - 2*v + 62. Calculate the greatest common factor of z and 108.
12
Let a be (6/4)/((-3)/(-20)). Let j = 16 - a. Let v = 9 - j. Calculate the highest common factor of v and 3.
3
Suppose d = 5*q + 238, 2*d + 2*d - 986 = 3*q. Suppose 0*t + 3*t - 36 = 0. Suppose 19 = h - t. What is the greatest common divisor of d and h?
31
Let n = -22 - -42. Let h = 35 + n. Let s be ((-24)/(-10))/(11/h). What is the greatest common divisor of s and 8?
4
Suppose 0 = -34*c + 41*c + 882. Let r = 188 + c. Calculate the greatest common factor of r and 155.
31
Let p = 34 + -51. Let c = 9 + p. Let i be 10 + 3*c/(-12). Calculate the greatest common divisor of i and 12.
12
Let k(r) = 4*r + 3*r - 9*r - 21 - 3*r. Let j be k(-5). Calculate the highest common divisor of j and 44.
4
Suppose 3 - 7 = -4*s. Suppose c = 9 - s. Suppose 4*a + 52 = c*a. What is the highest common divisor of 65 and a?
13
Let o = -106 - -119. Let y(s) = 2*s**2 + 8*s - 3. Let z be y(6). Calculate the greatest common factor of z and o.
13
Suppose 18*y - 699 = 1083. Calculate the greatest common factor of 18 and y.
9
Let h = -7 + 20. Let p(u) = -180*u + 1093. Let f be p(6). Calculate the greatest common divisor of h and f.
13
Let y = -17 + 37. Suppose -v = v - y. What is the highest common divisor of 50 and v?
10
Let x be 5071/(-55) + (-1)/(-5). Let t be (-30)/9 + 3 + x/(-6). Calculate the greatest common factor of t and 15.
15
Let q be ((-26)/(-7) - (-30)/105) + 136. What is the greatest common factor of q and 100?
20
Suppose -j + 19 = 3*x - 6*x, 105 = 5*j - 5*x. Let c be 2/5 - (-978)/30. Calculate the greatest common factor of c and j.
11
Let r be (-16)/(-6)*6/4. Let p be (-1)/r - (3 + (-1758)/24). What is the highest common factor of p and 14?
14
Let q = 38 + -49. Let s(a) = -25*a + 22. Let l be s(q). Calculate the greatest common factor of l and 33.
33
Suppose -z + 2 = -2*i + 13, 3*i - 5*z - 20 = 0. Let d(u) = 73*u - 18. Let r be d(1). Calculate the highest common divisor of r and i.
5
Let g = -18 + 26. Let s be (1/(-3))/((894/(-72))/149). What is the highest common divisor of s and g?
4
Let o(a) = -a**3 - 8*a**2 + 5*a - 30. Let r be o(-9). Suppose 2*m + 0*m = 0. Suppose m*l = r*l - 96. What is the highest common factor of l and 4?
4
Let o = -147 - -151. What is the greatest common divisor of 4 and o?
4
Let w(p) = p**2 - 15*p + 29. Let s be w(13). Suppose 0 = 4*b - 5 - 3. Calculate the greatest common factor of b and s.
1
Suppose 2*h = -2*p + 4448, -18*p + 13*p - h = -11116. What is the greatest common divisor of p and 38?
19
Let z be 424/12 + (-2)/(-3). Let o = z - 4. Suppose -3*v = -0*v - 240. Calculate the greatest common factor of v and o.
16
Let i = 5 - 4. Let y(x) = 45*x**3 + x - 1. Let h be y(i). Suppose 3*d = 4*p + 7, d = 6*d - 3*p - 30. What is the greatest common factor of d and h?
9
Suppose -3*a + 592 + 140 = 0. Suppose 3*m - 128 = -7*o + 3*o, o + a = 5*m. Calculate the greatest common divisor of m and 72.
24
Let p be ((-24)/60)/(6/(-540)). Calculate the greatest common divisor of 54 and p.
18
Let v = 1 + -1. Suppose v = -3*w + 24 + 6. Let u be -1 + -2 + 76 + -3. Calculate the greatest common divisor of w and u.
10
Let q = 2255 - 2090. What is the greatest common divisor of 105 and q?
15
Let w be ((-8)/(-12))/((-3819)/(-1908) - 2). Let v = w + -214. What is the highest common divisor of 30 and v?
30
Let f = -38 - -22. Let a be (-4)/(12/(-9)) - f. Let x = a - 14. What is the greatest common factor of x and 5?
5
Let c(u) = 4*u. Let s be c(3). Suppose -8 = -2*f + s. Let a be 27*1 - (7 - f). What is the greatest common factor of 10 and a?
10
Let b(y) = -y**3 + y**2 + 5*y + 3. Let t be b(4). Let g = 8 - t. Calculate the greatest common factor of 44 and g.
11
Suppose -17*x + 2280 = -5*x. Calculate the highest common factor of x and 30.
10
Let a be ((-37)/74)/((-2)/3160). What is the highest common divisor of 30 and a?
10
Let o be 30/9*((-1056)/(-10) + 0). What is the highest common factor of 96 and o?
32
Let b = -17 + 30. Suppose -4*w + 202 = -4358. Let d be (-1)/((-22)/w) + (-14)/(-77). What is the highest common divisor of b and d?
13
Suppose -8*q + 10 = -70. Calculate the highest common divisor of 190 and q.
10
Suppose -4*f = s - 1, -5*f + 1 = 6. Let c(l) = l**2 + 5*l - 2. Let q be c(-4). Let u be (s/(-2))/(3/q). What is the highest common divisor of u and 1?
1
Let h(m) = m**2 + 2*m - 67. Let t be h(-11). Calculate the highest common divisor of 40 and t.
8
Let q = -358 - -375. Calculate the greatest common factor of q and 3.
1
Suppose 4*j + 72 = 5*k - 0*k, -2*j - 42 = -3*k. Suppose 60 = 3*o - o. Calculate the highest common divisor of k and o.
6
Let r(s) = -17*s + 122. Let b be r(7). What is the highest common divisor of 4 and b?
1
Suppose -b + 531 = -5*d, 0 = -d - 0*d - 2*b - 115. Let m = -100 - d. What is the greatest common factor of m and 21?
7
Suppose 5*b + v = 88, -96 = -5*b + 21*v - 18*v. Calculate the highest common divisor of b and 12.
6
Let l(z) = z**2 + 4*z - 7. Let d be l(-7). Let t(c) = -2*c - 28. Let u be t(6). Let o = u - -54. What is the greatest common factor of o and d?
14
Let x(n) = 3*n**2 - 38*n - 17. Let b(h) = 4*h**2 - 39*h - 18. Let t(g) = -5*b(g) + 6*x(g). Let z be t(-12). Calculate the highest common factor of z and 240.
48
Let b = 0 + 8. Let s = 180 - 100. What is the highest common factor of b and s?
8
Let d be 0/(-4) - 4 - -4. Suppose -4*i + 3*b = b - 76, d = 5*b. What is the highest common divisor of i and 19?
19
Let t(v) = v**3 + 6*v**2 + v - 6. Let x(u) = -u**2 + 5*u - 9. Let k be x(2). Let c be t(k). Calculate the greatest common divisor of 45 and c.
9
Let n(r) = -4*r - 46. Let i be 7/1*(-39 + 37). Let d be n(i). Suppose 0*j + 232 = 2*j + 3*m, -j = -5*m - 90. Calculate the greatest common divisor of j and d.
10
Let s(h) = -2*h + 31. Suppose -2*r + 7 = -13. Let p be s(r). Calculate the highest common factor of p and 121.
11
Let p = -62 + 70. Suppose q - p*q = -84. Calculate the greatest common factor of 132 and q.
12
Suppose 0 = 14*u - 2406 + 278. What is the highest common divisor of u and 16?
8
Let w be 11/(22/60)*25/(750/40). Suppose -2*o = -909 + 189. What is the highest common factor of o and w?
40
Let n = 251 + -246. Calculate the greatest common factor of n and 70.
5
Let j = 6797 + -6777. Let b be (4/(-6))/(2/(-6)). What is the highest common divisor of j and b?
2
Let o = 1584 + -1279. Calculate the highest common factor of 122 and o.
61
Suppose 0 = -k - 3 + 31. Suppose v - k = -v. Suppose 6*c - 42 = 5*c. What is the greatest common factor of v and c?
14
Let d(g) = 4*g - 145. Let m be d(39). Calculate the greatest common divisor of m and 440.
11
Suppose -20 = 5*z, -5*d = -3*z - 793 - 164. Suppose i = 4*t + 7, -i = -5*t + 2 - 4. Calculate the greatest common divisor of d and i.
27
Let x = -61 + 61. Suppose -n + 2 + 28 = x. What is the highest common divisor of n and 12?
6
Let c = 20 - 17. Let t be c - 4/(8/(-114)). Calculate the greatest common factor of t and 12.
12
Suppose -17 - 8 = -5*p. Suppose -297 = -p*a - 42. Calculate the highest common di